+ -7) prime?
False
Suppose -w = -3*n - 14, -w + 3*w = -2*n - 4. Suppose 3*f + w*f + 25 = 0, -v = -5*f - 471. Is v a prime number?
False
Let g(p) = p**3 + 10*p**2 - 14*p - 23. Let l be g(-11). Suppose l*q - 125 = 5*q. Is q composite?
True
Let r = 8 - 6. Is ((-1797)/(-6) - 1)*r/3 a composite number?
False
Let x(y) = 13*y - 2. Let j = 13 + -7. Suppose j*q - 49 + 7 = 0. Is x(q) a composite number?
False
Suppose -10*z = -11*z + 3. Suppose 0 = 4*h + 2*p - 0*p - 2930, 0 = 2*h - z*p - 1469. Is h a composite number?
False
Suppose 6*c + 10 = 5*c. Is (-4)/c + (-29825)/(-125) composite?
False
Suppose 0 = -4*n + 3*j + 5750, 4309 = 3*n - 7*j + 3*j. Is n a composite number?
False
Let z be (13/(195/18))/(2/(-1140)). Suppose -2*u = u - 3165. Let q = u + z. Is q composite?
True
Let f(y) = 8*y**2 + 3*y + 16. Let g be f(5). Suppose 5*l - 179 = g. Is l a prime number?
False
Suppose -1 = -x + 1. Suppose 0 = -2*m + q + 3, -m + 3 = -2*m + x*q. Suppose a = 4*i + 5*a - 728, -m*i = -3*a - 516. Is i composite?
True
Let a(u) = -3*u**3 + 25*u**2 - 5*u - 39. Is a(-8) a composite number?
False
Let k(y) = -247*y + 24. Is k(-7) a composite number?
False
Suppose 3*g + 0*g - 3 = 0. Let h be -2 - 12/(-3 + g). Is 93/2 - 2/h prime?
False
Let t(j) = 2 - 49*j - 3*j**2 + 49*j - 12*j**2. Let s be t(6). Let m = -381 - s. Is m a composite number?
False
Let s(l) be the third derivative of -l**4/24 + l**3 + 4*l**2. Let w be s(4). Suppose 2*j + 420 = 4*p, w*j = -7 - 1. Is p a composite number?
False
Suppose 223*q - 218*q - 82135 = 0. Is q prime?
True
Let i = -4 + 6. Let j(r) = 2 - i*r + 4 + 15*r. Is j(5) a prime number?
True
Let c = -515 + 1508. Is c a prime number?
False
Suppose 3*g = 2*d + 2*d - 10, 5*d - 5*g = 10. Suppose 0 = -5*f + d*u + 209, u + 5 = f - 36. Is (-18)/f + (-957)/(-5) prime?
True
Let r(t) = 11*t**2 - 19*t - 333. Is r(-24) composite?
True
Is 171283 + 0 - 30/(-3) composite?
False
Suppose -5*m + 2*a + 125365 = 0, -2*a + 34822 = m + 9749. Is m composite?
False
Is (156/24)/((-5)/(-2230)) a composite number?
True
Let p = 11701 - 6827. Is p composite?
True
Is ((-276)/(-24) - 9)*(-16294)/(-5) prime?
True
Let y(h) = 3*h**2 + 17*h + 11. Let g be (13 - 3) + 0 + 3. Is y(g) composite?
False
Let r = 1045 - 526. Suppose 5*g = 1216 + r. Is g composite?
False
Let f(s) = -16*s**2 - 8*s + 9. Let x(o) = 15*o**2 + 9*o - 10. Let k(n) = -7*f(n) - 6*x(n). Is k(-7) composite?
False
Let m be 16/20 + (-6)/(-5). Suppose 0 = g - 2*a - 721, -1452 = -m*g + a + a. Is g prime?
False
Let l(y) = 50*y**2 - 53*y - 44. Is l(13) composite?
False
Suppose 4*y - 5*n - 8243 = 0, 3*n = 3*y - 6003 - 180. Is y a composite number?
True
Let c(h) = 513*h**2 + h + 1. Let n be c(-1). Suppose 0 = -t + i + n, 2*t - 3*i - 1022 = -0*t. Is t prime?
False
Suppose -14364 = -22*s + 61822. Is s a composite number?
False
Suppose 1529 = -2*z + 261. Let b = z - -1155. Is b a composite number?
False
Let m = 4501 - 2238. Is m a prime number?
False
Suppose b - 564 + 38 = 0. Is b composite?
True
Let j(r) = 6*r**2 - 12. Let p be j(6). Suppose -3*d + 3*w - 216 = 0, -46 = -2*d - w - 205. Let t = p + d. Is t a composite number?
False
Suppose -5*w - v + 18528 - 6937 = 0, -2*w - v = -4634. Is w a composite number?
True
Let x = 580 - -51. Is x a composite number?
False
Let z(p) = p**3 + 6. Let i be z(0). Suppose 3*g = -0*g + i, -n + g = -1359. Is n prime?
True
Let a(b) = 267*b + 59. Let t be a(17). Suppose -2*r + q + t = -3*q, q = -5*r + 11451. Is r a prime number?
False
Let k(d) = 1101*d - 59. Is k(6) prime?
True
Is ((-198)/(-33))/((-3)/(-2)) - -236293 a prime number?
True
Is (6977/(-7))/((-17)/119) a prime number?
True
Let b(j) = -11 + 5*j + 27 + 6. Is b(9) composite?
False
Suppose 0 = 4*h - 274 - 838. Let n = h + -147. Is n*(1 - (-2 + 2)) a prime number?
True
Suppose 2*p = 8*p - 48084. Let r = p + -5075. Is r prime?
True
Let w = -12 - -1. Let h = w - -13. Suppose 2*d + 875 = 5*d - h*t, 3*d + t = 890. Is d composite?
True
Let t = 304 - 362. Suppose 243 = 3*u + 4*m, 4*m = 5*u + m - 405. Let b = u - t. Is b a composite number?
False
Let z(m) = 200*m + 9. Is z(2) a composite number?
False
Is (19 - 22)/(1/(-2341)) + -1 a composite number?
True
Suppose s - 16 = -5*c - 0*c, 2*c - 22 = -3*s. Let j be 3724/s - 18/27. Suppose -k + 5*k = j. Is k a prime number?
False
Let m(f) = -f**2 - 12*f - 4. Let k be m(-9). Suppose 14*r = k*r - 9369. Is r a prime number?
False
Let k(x) = x + 37. Let b be k(0). Let u = -21 + b. Is 7/(28/u) - -123 a prime number?
True
Let s = 64 + -68. Is (-2)/(s - -6) - -2150 a composite number?
True
Suppose -2*b + 1 = -3. Suppose -r = b*r + 4*l - 3449, 0 = 3*r + 5*l - 3448. Is r a prime number?
True
Let l = 516 - -6338. Suppose -4*m + 5*g = -l, 2*m - 1686 = g + 1738. Is m a prime number?
False
Suppose -14*o + 105293 - 4815 = 0. Is o prime?
True
Let s(p) = -p**3 + 3*p**2 - 3*p + 4. Let c be s(2). Suppose -3*n = c*o - 6, -o - 7*n = -2*n + 4. Suppose o*r - 2035 = r. Is r a prime number?
False
Let z(s) = 21*s**3 + 5*s**2 - 10*s - 36. Let g be z(-3). Suppose -3*y - 4*k = k + 2268, 2*k - 3749 = 5*y. Let m = g - y. Is m prime?
True
Let d(t) = -56407*t - 355. Is d(-2) a prime number?
True
Suppose -17*o = -16*o. Suppose -4*u + 4*q + 344 = o, u - 37 - 41 = -q. Is u prime?
False
Let n(i) be the third derivative of i**5/60 + 3*i**4/8 + 7*i**3/6 - 17*i**2. Let u be -11 - (-2)/4*4. Is n(u) a prime number?
True
Let y(v) = v**3 + 5*v**2 - 9*v - 9. Let x be y(-6). Let p(l) be the third derivative of 59*l**4/24 + 5*l**3/3 - 2*l**2. Is p(x) a composite number?
False
Suppose -117*t + 110*t + 5677 = 0. Is t composite?
False
Suppose 9 = 5*b - 11. Suppose 0 = -a + b*a - 2073. Is a composite?
False
Let j = -5644 - -21215. Is j a composite number?
True
Let m be 1 + 0 - (-11 + 7). Suppose -2*o + 4*j = -162, -2*o + j + m + 142 = 0. Is o a composite number?
False
Suppose d + 2*d = 2*f + 3, 5*f = 0. Let w be 4/(-2) + 22/(-11). Is w + d + 2 - -164 a prime number?
True
Let r = -16 + 14. Let u be 200/1 + -3 + r. Suppose -u = -5*n - 10. Is n prime?
True
Let p(d) = d - 8. Let b be p(12). Suppose b*z + 538 = 2*z. Is z/(-3) - 4/6 composite?
False
Let l = -14 + 42. Let p be (-26971)/l - 1/(-4). Let c = p + 1730. Is c a prime number?
False
Let h be (0 - -450) + 45/9. Let f = h + 308. Is f a prime number?
False
Let a be (72/15)/(9/330). Suppose -2*u = 2*u - a. Let j = 543 + u. Is j a composite number?
False
Is -3 + 4 + 274*79 a composite number?
False
Suppose 1 = -5*f - 9. Let u be -2*13 + f + 6. Let q = 199 - u. Is q a composite number?
True
Suppose -5*s + 3*q - 12 + 342 = 0, 3*s - 198 = -2*q. Let f(v) = 4*v**2 + v + 1. Let a be f(-1). Is s*4*a/32 a composite number?
True
Let q(w) = 40*w - 27. Let r be q(6). Let m be (2/5)/(2/(-10)). Let c = r + m. Is c prime?
True
Let h(j) = -2*j**3 + 4*j**2 + 6*j + 5. Is h(-3) prime?
False
Suppose -4*q = 4*u - 6792, -9*u + 3*q + 5988 = -9234. Is u a prime number?
True
Suppose 0 = -3*v - 3*m - 7146, -3*v + 5*m + 4773 = -5*v. Suppose w + 6400 = -4*w. Let u = w - v. Is u a prime number?
False
Let k = -101120 + 196113. Is k prime?
True
Suppose 0 = -2*o + 5*t + 7889, 14*o = 16*o + t - 7871. Is o a composite number?
True
Let f(a) = -148*a + 5. Let x = -4 - -9. Let t be f(x). Let k = t + 1108. Is k a composite number?
False
Suppose 5*d - j = 123 + 61, -4*j + 128 = 4*d. Suppose -d = 2*x + 12. Let f = 97 - x. Is f a composite number?
True
Let m(p) = -p**3 - 8*p**2 - 9*p - 14. Let z be m(-7). Let i(r) = r**2 + 18. Let w be i(z). Suppose -x = -w - 17. Is x prime?
False
Suppose -13115 = -2*c + p, p - 13121 = -48*c + 46*c. Is c composite?
True
Let l = 298 - 197. Suppose -r = 25 + l. Let j = r + 287. Is j a prime number?
False
Let v = 931 - -3900. Is v a composite number?
False
Let g = 29 - -49. Let u = 671 + g. Is u a composite number?
True
Suppose -2*c = -5*w - 784 - 2455, 0 = 3*c + 9. Let t = w - -1009. Suppose -2*u - 2*m + 121 = -u, 3*u = -5*m + t. Is u prime?
False
Let w(p) be the third derivative of p**6/60 - 3*p**5/20 + p**4/4 + 4*p**3 + 46*p**2. Is w(7) composite?
False
Let z(u) = -u**3 - 10*u**2 - 13. Let y be z(-10). Let s(o) = 151*o + 24. Let w be s(y). Is (-1)/6 + w/(-42) composite?
True
Let f be (6248/12 - 0) + 2/6. Let m = 876 - f. Is m a prime number?
False
Let c(h) = 2178*h**2 + 2*h - 1. Let o(d) = d**2 + 12*d + 1. Let y be o(